alculate the highest common factor of 1629 and 935227.
181
Calculate the greatest common factor of 808826 and 306.
34
Calculate the greatest common divisor of 2064306 and 17754.
1614
Calculate the highest common divisor of 72 and 60478524.
36
What is the highest common divisor of 177 and 2088305?
59
What is the greatest common divisor of 3577 and 4448164042?
3577
What is the greatest common divisor of 124271 and 7175?
287
Calculate the greatest common divisor of 510 and 24559730.
170
Calculate the greatest common divisor of 24 and 6217832.
8
What is the greatest common divisor of 3663554 and 54556?
1186
Calculate the greatest common divisor of 13244 and 70081228.
1204
Calculate the highest common factor of 19308186 and 9.
9
Calculate the greatest common factor of 88977 and 56658.
399
What is the greatest common divisor of 156330 and 1171510?
1930
Calculate the highest common divisor of 522567 and 41261.
31
What is the greatest common factor of 4605255 and 913?
83
Calculate the greatest common divisor of 551610 and 46535.
1135
What is the highest common factor of 756 and 55587168?
756
What is the highest common factor of 24577560 and 312?
24
What is the greatest common factor of 84 and 19902729?
21
Calculate the highest common divisor of 956 and 47359284.
956
What is the greatest common factor of 25904 and 38032?
16
What is the highest common factor of 2095 and 150421?
419
What is the greatest common factor of 232 and 53837340?
116
Calculate the highest common divisor of 11685 and 2129745.
615
Calculate the highest common factor of 2362609 and 3145.
17
Calculate the greatest common divisor of 52262 and 1778.
14
What is the greatest common divisor of 2400 and 18888800?
800
What is the highest common divisor of 465600 and 11900?
100
What is the highest common divisor of 1094 and 20268?
2
What is the highest common factor of 130359 and 1026?
57
What is the highest common factor of 366423 and 51456?
201
What is the highest common factor of 924867 and 576?
9
What is the highest common factor of 51 and 1056430847?
17
What is the greatest common factor of 53107939 and 5?
1
What is the highest common divisor of 62311038 and 111207?
5853
Calculate the highest common divisor of 3020 and 8624214.
302
Calculate the greatest common divisor of 1176 and 320344.
8
Calculate the greatest common divisor of 634981 and 11309.
43
Calculate the greatest common divisor of 36849060 and 108.
108
What is the greatest common divisor of 3532 and 61372915?
883
What is the highest common factor of 1810336 and 3233208?
3256
What is the highest common divisor of 2050 and 204312020?
410
Calculate the greatest common factor of 45114 and 738249.
219
What is the greatest common divisor of 272 and 646832?
16
Calculate the highest common factor of 9860 and 28218334.
986
What is the highest common divisor of 200 and 571952?
8
What is the greatest common factor of 611 and 387569520?
611
What is the greatest common divisor of 655398 and 87478?
458
Calculate the highest common factor of 384 and 78529632.
96
Calculate the greatest common divisor of 175 and 972755.
35
What is the highest common factor of 74866 and 432098?
166
Calculate the greatest common factor of 2744 and 148456.
56
Calculate the greatest common factor of 61152486 and 27936.
582
What is the greatest common factor of 1645446 and 174?
6
Calculate the highest common divisor of 1778 and 154.
14
What is the highest common divisor of 104918 and 16469618?
418
What is the highest common factor of 871 and 10437752?
13
What is the greatest common divisor of 21886 and 829903?
353
What is the greatest common divisor of 18 and 24396147?
9
What is the highest common factor of 336 and 2860074?
42
Calculate the greatest common divisor of 2871 and 934375563.
2871
What is the highest common factor of 26 and 353782?
26
What is the highest common divisor of 189 and 2080421?
7
Calculate the greatest common divisor of 215 and 38577235.
215
Calculate the greatest common divisor of 8549 and 1559819.
83
Calculate the greatest common factor of 8593962 and 7098.
78
What is the highest common divisor of 2162618766 and 1386?
1386
Calculate the greatest common factor of 10 and 2119824440.
10
Calculate the highest common divisor of 11937 and 1894073.
23
What is the greatest common factor of 134017 and 177449?
61
What is the highest common factor of 45070627 and 14?
7
What is the highest common factor of 21065880 and 1155?
165
What is the greatest common divisor of 2533908 and 22570?
74
Calculate the greatest common divisor of 9652374 and 36.
18
Calculate the greatest common factor of 3762 and 279466.
22
What is the highest common factor of 2902820 and 664593?
7639
What is the highest common divisor of 1160 and 12460285?
145
Calculate the greatest common divisor of 4693188 and 6168.
12
What is the highest common factor of 11935944 and 264?
24
What is the greatest common divisor of 9635 and 30080?
235
What is the highest common factor of 20018826 and 35802?
2754
What is the greatest common divisor of 3406 and 1695926?
262
Calculate the greatest common divisor of 3146 and 308871134.
3146
Calculate the highest common divisor of 13023012 and 132492.
732
Calculate the highest common factor of 346060714 and 4.
2
Calculate the highest common factor of 120 and 6677370.
30
Calculate the greatest common divisor of 68 and 47103600.
68
What is the highest common divisor of 12794360 and 100?
20
What is the highest common factor of 7589584 and 34700?
1388
Calculate the greatest common divisor of 386916 and 5244.
228
What is the highest common divisor of 227389836 and 248?
124
Calculate the highest common factor of 107680 and 11840.
160
Calculate the highest common divisor of 415 and 428132924.
83
Calculate the greatest common factor of 2656425 and 4075.
25
What is the highest common divisor of 904 and 29660240?
904
What is the highest common divisor of 144 and 722536272?
144
Calculate the highest common divisor of 115176528 and 144.
144
Calculate the greatest common factor of 286000 and 35.
5
Calculate the highest common divisor of 1078 and 32766041.
77
What is the greatest common factor of 179384412 and 36?
12
Calculate the greatest common divisor of 10 and 3394306.
2
What is the highest common factor of 34738 and 4787528?
3158
What is the greatest common divisor of 175 and 134486485?
35
Calculate the greatest common factor of 1195026 and 84.
42
Calculate the greatest common divisor of 52525 and 22935.
55
Calculate the greatest common divisor of 1135 and 930862305.
1135
Calculate the greatest common factor of 9561 and 62787.
3
Calculate the greatest common divisor of 1460 and 20461900.
1460
Calculate the highest common factor of 404284 and 8321.
53
Calculate the highest common factor of 94024 and 4830.
322
Calculate the greatest common factor of 36 and 21322800.
36
What is the highest common factor of 208 and 16742843?
13
What is the highest common factor of 252 and 2219964?
12
Calculate the highest common divisor of 92540 and 1612135.
35
Calculate the greatest common factor of 24 and 38928372.
12
Calculate the highest common divisor of 835070 and 226.
226
What is the greatest common factor of 188 and 418137286?
94
What is the highest common factor of 5857175 and 75?
25
What is the greatest common divisor of 107968 and 284928?
448
Calculate the highest common divisor of 15841 and 1608187.
217
Calculate the greatest common factor of 2525 and 65781805.
505
What is the greatest common divisor of 46602875 and 5500?
1375
What is the greatest common factor of 3939 and 2793102?
39
What is the highest common divisor of 41148 and 1715008?
508
What is the highest common factor of 8652 and 2843232?
84
Calculate the highest common divisor of 6251108 and 139.
139
What is the highest common divisor of 6 and 55259832?
6
What is the highest common divisor of 1030 and 813418192?
206
What is the highest common divisor of 18076792 and 3376?
1688
What is the greatest common factor of 192 and 3596592?
48
Calculate the highest common divisor of 11320 and 7320.
40
What is the greatest common factor of 17997450 and 50?
50
Calculate the highest common divisor of 391 and 79600511.
17
Calculate the highest common divisor of 97600400 and 680.
680
What is the greatest common divisor of 